1341832?
-1341560
In base 11, what is -6092 + 77132?
71050
In base 13, what is 7503 + -43?
7490
In base 6, what is 42315 + 23142?
105501
In base 5, what is -2442240001 - 3?
-2442240004
In base 12, what is -4 + 4a580023?
4a58001b
In base 8, what is -1 - -2041102072?
2041102071
In base 7, what is -40235 - 1355?
-41623
In base 8, what is -1 + -5365124?
-5365125
In base 12, what is -251685 - -5?
-251680
In base 8, what is 2627 - 13714?
-11065
In base 2, what is -10 + -101100100011111110101110111?
-101100100011111110101111001
In base 5, what is -3200111 - 24221?
-3224332
In base 15, what is -178 + -85cc7?
-85e50
In base 13, what is -a55b3 + -365?
-a5948
In base 13, what is 3 - -130055?
130058
In base 13, what is -9c0307 - 6?
-9c0310
In base 11, what is 10208766 + 6?
10208771
In base 3, what is 121 - -121100020202021?
121100020202212
In base 2, what is 1010101110 - 111010000110010?
-111000110000100
In base 15, what is b6 - -2c073?
2c139
In base 7, what is -1153540631 - 11?
-1153540642
In base 5, what is 2102113223 + -2?
2102113221
In base 9, what is -14104 + 136?
-13857
In base 12, what is 12 + -5b91?
-5b7b
In base 16, what is 15416d + -5?
154168
In base 15, what is 5 + -8cb963?
-8cb95d
In base 9, what is 3 + -4712356?
-4712353
In base 5, what is -11 + 1142311144?
1142311133
In base 4, what is 1103103 - -23022?
1132131
In base 15, what is b2 - 102e?
-e6c
In base 13, what is 1c1 - -1709a8?
170b99
In base 2, what is 1110000100010110100000 - 1?
1110000100010110011111
In base 6, what is -1420424403 + -1?
-1420424404
In base 4, what is -13002300132 - -1?
-13002300131
In base 15, what is 96b185 + 0?
96b185
In base 10, what is -262 - -90399?
90137
In base 6, what is 543454235340 + -3?
543454235333
In base 6, what is 13504435 + 1104?
13505543
In base 13, what is -70 + -29cba1?
-29cc41
In base 14, what is b6d9 - -72?
b76b
In base 8, what is -13547252 - 124?
-13547376
In base 3, what is 1122122 - 20201212?
-12002020
In base 6, what is 1333 - 1142?
151
In base 7, what is -132551 - -2102?
-130446
In base 11, what is -260 + -2248?
-24a8
In base 5, what is 133110 + 1210110?
1343220
In base 5, what is 1120 + -3214320314?
-3214314144
In base 2, what is -11 - -1000000011101001011111?
1000000011101001011100
In base 4, what is -211101020 - -322?
-211100032
In base 14, what is 21bc35d - c?
21bc351
In base 14, what is -8d336a + -9?
-8d3375
In base 9, what is -62 - 80840?
-81012
In base 6, what is -1 - -111010551?
111010550
In base 4, what is 11203030003 - -3?
11203030012
In base 6, what is -15211 + 15102334?
15043123
In base 15, what is -62 + -229a0?
-22a12
In base 13, what is 4 - -6088721?
6088725
In base 9, what is -34 - -61265174?
61265140
In base 5, what is 1 + 22304402302?
22304402303
In base 9, what is -23 + -38181?
-38214
In base 12, what is 147963 - -48?
1479ab
In base 8, what is 2175 + 341500?
343675
In base 16, what is -20 - 4f4a4c?
-4f4a6c
In base 5, what is -22331413201 + -10?
-22331413211
In base 14, what is 28 + 12a603?
12a62b
In base 11, what is 241567 + 8?
241574
In base 3, what is -1112212221 - 20012201?
-1210002122
In base 15, what is 469 + -42ca?
-3d61
In base 4, what is -3132221330 + 332?
-3132220332
In base 8, what is 336443725 + 21?
336443746
In base 8, what is -166 - 356656?
-357044
In base 10, what is -147924 + -437?
-148361
In base 13, what is 300 - 51?
27c
In base 14, what is -30 - 853c2?
-85412
In base 4, what is -301322 + -203331?
-1111313
In base 6, what is 30515 - -254402?
325321
In base 8, what is 437 - -21301?
21740
In base 3, what is 10 - -101021000201010?
101021000201020
In base 7, what is 1150523 - -11?
1150534
In base 11, what is -4 - 1185603?
-1185607
In base 4, what is -20030 + 30113032?
30033002
In base 10, what is 3077835 + -9?
3077826
In base 8, what is -117022 + 102?
-116720
In base 16, what is -41 - -26588?
26547
In base 9, what is 12002521773 - 4?
12002521768
In base 5, what is 244 + -142314202?
-142313403
In base 8, what is 17 + 513712?
513731
In base 5, what is -12424230 + -134?
-12424414
In base 14, what is -a9157dd + 3?
-a9157da
In base 2, what is 11001110011000000 + 11001?
11001110011011001
In base 12, what is -3 + 86472a?
864727
In base 15, what is -22dab1 - -e?
-22daa2
In base 8, what is -2361022627 + -1?
-2361022630
In base 6, what is -14545015 - 25?
-14545044
In base 8, what is 21344746 - -5?
21344753
In base 6, what is -30 - 20132222?
-20132252
In base 15, what is -1b9a7988 + 5?
-1b9a7983
In base 2, what is 0 - -1001010110000110101100?
1001010110000110101100
In base 16, what is -52bd3 + -ca?
-52c9d
In base 10, what is -16 - 973624?
-973640
In base 9, what is -3 + 276343574?
276343571
In base 12, what is -839a67 + -1?
-839a68
In base 5, what is -21310 - -12412?
-3343
In base 3, what is -112222202122000 + 21?
-112222202121202
In base 6, what is -205223550 + 25?
-205223521
In base 10, what is -309112866 - 5?
-309112871
In base 12, what is 8 - -1ab0b9a?
1ab0ba6
In base 15, what is 1698c0 - -1b?
1698db
In base 6, what is 3533 - 2320254?
-2312321
In base 9, what is -32253680 - 1?
-32253681
In base 16, what is 1b9e6 - 21?
1b9c5
In base 6, what is -23513 + -334122?
-402035
In base 16, what is bc5 + -114?
ab1
In base 9, what is 26474 + -146?
26327
In base 5, what is 3 + -1001244432?
-1001244424
In base 12, what is -1726 - -1243bb?
122895
In base 3, what is 1022000021120121 + -1?
1022000021120120
In base 3, what is -1012211122111222 + 11?
-1012211122111211
In base 4, what is -1 - 33121030123?
-33121030130
In base 15, what is 21ba20 - -6?
21ba26
In base 14, what is 7 - -189479?
189482
In base 12, what is -3 - -791623?
791620
In base 7, what is 6641456 - 26?
6641430
In base 5, what is 301044 + 22?
301121
In base 15, what is 78 - -10532?
105aa
In base 13, what is -b06 + -444?
-124a
In base 5, what is -3141103 - 110204?
-3301312
In base 16, what is 8075c + 1d?
80779
In base 2, what is 1011001 + 10000011011111101?
10000011101010110
In base 7, what is 1236440 + 11?
1236451
In base 12, what is -3 + -aa8a703?
-aa8a706
In base 13, what is 3a + 1561723?
1561760
In base 16, what is -15ba - -1c275?
1acbb
In base 9, what is 1773842 - -3?
1773845
In base 13, what is -7 - 329282?
-329289
In base 5, what is -11 - -20340131?
20340120
In base 10, what is 71 - 260454?
-260383
In base 6, what is -24 + -1311533415?
-1311533443
In base 9, what is 21842 + 4837?
26780
In base 6, what is 1521143523 - 24?
1521143455
In base 15, what is -4045 - 1ba?
-4210
In base 5, what is 102342314002 - -4?
102342314011
In base 3, what is -10010101012 - -210222211?
-2022101101
In base 14, what is -26 - -82987?
82961
In base 5, what is -42231430112 - -2?
-42231430110
In base 13, what is 85593 - -ab?
85671
In base 10, what is 1329079 - 83?
1328996
In base 3, what is -1220 + 1002211010201?
1002211001211
In base 9, what is -2 + -4437286?
-4437288
In base 7, what is 122540 - 1255?
121252
In base 2, what is 10000001000000100101111 - -1000?
10000001000000100110111
In base 9, what is -21 + 45562630?
45562608
In base 9, what is -483 + 102637?
102144
In base 2, what is 11100110000010 - -101100010?
11101011100100
In base 4, what is 1 - 123213322201?
-123213322200
In base 7, what is 3166036054 + 3?
3166036060
In base 6, what is 3433355 - 304?
3433051
In base 7, what is -5 - -522442563?
522442555
In base 16, what is -135680 + -5?
-135685
In base 10, what is -143 - 41764?
-41907
In base 14, what is -18 - 7c120?
-7c138
In base 13, what is -4 - -969c29?
969c25
In base 6, what is 53143 + 1353021?
1450204
In base 16, what is 907 + 9210?
9b17
In base 12, what is 34615 - -4a6?
34abb
In base 12, what is 18a25b5 + 4?
18a25b9
In base 14, what is 12b241 - 9c?
12b183
In base 13, what is -20c2 - 3ca?
-24bc
In base 14, what is -6db + 1a32?
1335
In base 8, what is 3164 - -5361?
10545
In base 10, what is 7 - 30122203?
-30122196
In base 3, what is 1000012201200011 - -21?
1000012201200102
In base 12, what is -15 - 478b520?
-478b535
In base 3, what is -1002002220100 + -122002?
-1002010112102
In base 7, what is 14234 + -5261?
5643
In base 5, what is 2030403412 - 1?
2030403411
In base 15, what is -3 - -4b112?
4b10e
In base 2, what is -1000 + 10111000110111?
10111000101111
In base 8, what is -1 + -5463711?
-5463712
In base 5, what is -212401 - -1012000?
244044
In base 8, what is -12557302 - -17?
-